1307 and 29.
29
Calculate the highest common factor of 66 and 128062.
22
What is the greatest common factor of 965 and 2905?
5
What is the highest common divisor of 69712 and 48?
16
What is the greatest common divisor of 49890 and 210?
30
What is the greatest common divisor of 2360 and 80535?
295
Calculate the highest common divisor of 652 and 84434.
326
Calculate the highest common divisor of 317262 and 11.
11
Calculate the highest common factor of 1936 and 9328.
176
What is the greatest common factor of 1887970 and 35?
35
What is the greatest common factor of 12321 and 9?
9
Calculate the greatest common factor of 155754 and 72.
18
Calculate the highest common factor of 5355258 and 3438.
1146
What is the highest common factor of 71577 and 216?
27
Calculate the highest common divisor of 10642 and 1666.
34
Calculate the highest common divisor of 780 and 205.
5
Calculate the highest common factor of 250825 and 5925.
1975
What is the highest common divisor of 6370 and 21462?
98
Calculate the highest common factor of 623 and 167587.
623
What is the highest common divisor of 352 and 2248?
8
What is the greatest common factor of 559065 and 5490?
915
Calculate the greatest common divisor of 3775836 and 18732.
2676
What is the greatest common divisor of 180 and 4335?
15
What is the highest common divisor of 138 and 1679?
23
What is the highest common divisor of 6461 and 3185?
91
What is the highest common factor of 632440 and 5?
5
Calculate the greatest common divisor of 497 and 19782.
7
What is the highest common divisor of 639 and 137811?
213
Calculate the highest common divisor of 3781 and 3686.
19
Calculate the highest common divisor of 51 and 79237.
17
What is the greatest common divisor of 605 and 1485?
55
What is the highest common factor of 3091242 and 462?
462
Calculate the greatest common divisor of 2976 and 69792.
96
What is the highest common divisor of 45 and 553005?
45
Calculate the greatest common factor of 2832 and 56876.
236
Calculate the greatest common divisor of 60 and 488380.
20
Calculate the greatest common factor of 392415 and 45.
15
Calculate the highest common factor of 56 and 22372.
28
Calculate the greatest common factor of 106 and 562.
2
What is the greatest common factor of 84 and 390516?
84
What is the highest common factor of 132 and 7260?
132
Calculate the highest common divisor of 407 and 726.
11
Calculate the highest common divisor of 478 and 23183.
239
What is the highest common divisor of 4926053 and 11?
11
What is the highest common divisor of 188634 and 21456?
894
What is the highest common factor of 152 and 139512?
8
What is the greatest common divisor of 368 and 1243518?
46
Calculate the highest common divisor of 17862 and 30.
6
What is the highest common factor of 140288 and 1370?
274
Calculate the highest common divisor of 11130 and 560.
70
Calculate the highest common divisor of 43080 and 2895.
15
Calculate the greatest common factor of 442240 and 160.
160
What is the greatest common divisor of 80370 and 514710?
1710
Calculate the highest common divisor of 18224 and 737.
67
What is the highest common factor of 16 and 27256?
8
What is the highest common divisor of 3630363 and 411?
411
What is the greatest common divisor of 7797603 and 363?
363
What is the greatest common divisor of 599378 and 26?
26
What is the highest common factor of 768 and 1320768?
192
Calculate the greatest common divisor of 4420 and 364.
52
What is the greatest common divisor of 290 and 554770?
290
What is the greatest common factor of 465 and 6230690?
155
Calculate the highest common factor of 1720800 and 5.
5
What is the greatest common factor of 207441 and 104?
13
What is the highest common divisor of 30375 and 2925?
225
Calculate the highest common factor of 199 and 1487923.
199
Calculate the highest common factor of 31932 and 36.
36
What is the greatest common factor of 89610 and 152646?
618
What is the greatest common factor of 2231 and 20952?
97
What is the greatest common factor of 25286 and 3766?
538
Calculate the highest common factor of 4859500 and 25.
25
Calculate the greatest common factor of 2376 and 704.
88
Calculate the greatest common divisor of 265025 and 275.
25
Calculate the highest common divisor of 713 and 851.
23
What is the greatest common factor of 421046 and 4?
2
Calculate the greatest common factor of 198 and 96426.
198
What is the highest common divisor of 1005432 and 12?
12
Calculate the highest common factor of 186525 and 13950.
225
What is the greatest common factor of 13286 and 42632?
146
What is the greatest common factor of 9982223 and 61?
61
What is the greatest common divisor of 2307720 and 40?
40
Calculate the highest common divisor of 755010 and 105.
15
Calculate the highest common factor of 328 and 39893.
41
What is the greatest common factor of 448 and 116158?
14
Calculate the highest common factor of 80 and 38660.
20
What is the greatest common factor of 1276 and 1508?
116
Calculate the greatest common factor of 315 and 18774.
63
Calculate the highest common divisor of 68445 and 9.
9
What is the highest common divisor of 158801 and 3032?
379
Calculate the greatest common factor of 72 and 3282138.
18
Calculate the greatest common factor of 71176 and 56.
56
What is the greatest common factor of 167742 and 18?
18
What is the greatest common factor of 165 and 242145?
15
What is the greatest common divisor of 62 and 753424?
62
What is the highest common divisor of 315126 and 369?
369
What is the greatest common divisor of 18 and 2543?
1
What is the greatest common factor of 26057 and 4686?
71
Calculate the highest common divisor of 23964 and 96.
12
What is the highest common divisor of 78 and 28717?
13
What is the highest common divisor of 16340 and 750?
10
Calculate the greatest common divisor of 3890 and 350.
10
Calculate the greatest common factor of 9210 and 300.
30
What is the highest common divisor of 713 and 11501?
31
What is the greatest common divisor of 10880 and 196928?
1088
Calculate the greatest common factor of 36 and 2342.
2
Calculate the highest common factor of 1105 and 13481.
221
What is the highest common divisor of 6960 and 8816?
464
What is the greatest common factor of 5833 and 2489?
19
What is the highest common factor of 367 and 2243471?
367
Calculate the greatest common divisor of 287507 and 1298.
649
Calculate the greatest common factor of 216 and 602424.
216
What is the highest common divisor of 276 and 40710?
138
What is the greatest common divisor of 11000 and 401000?
1000
Calculate the highest common divisor of 549 and 819.
9
Calculate the greatest common divisor of 1937541 and 17.
17
What is the highest common divisor of 805 and 391?
23
Calculate the greatest common factor of 98760 and 60.
60
What is the highest common factor of 324 and 48519?
81
What is the greatest common factor of 6196560 and 45?
15
What is the greatest common divisor of 6 and 2473878?
6
What is the highest common factor of 44116 and 692?
4
Calculate the highest common factor of 38952 and 1464.
24
Calculate the highest common divisor of 48475 and 33775.
175
What is the greatest common divisor of 21252256 and 32?
32
Calculate the highest common factor of 44 and 735680.
44
What is the greatest common divisor of 1422 and 27?
9
Calculate the highest common factor of 16 and 393592.
8
What is the greatest common divisor of 1369307 and 79?
79
Calculate the highest common divisor of 84 and 29580.
12
Calculate the greatest common divisor of 15779 and 93.
31
What is the greatest common factor of 5320 and 3010?
70
What is the greatest common factor of 1378 and 5194?
106
Calculate the greatest common factor of 45 and 454158.
9
Calculate the greatest common divisor of 197762 and 122.
122
Calculate the greatest common factor of 63 and 186249.
21
What is the highest common divisor of 28615 and 15035?
485
What is the highest common divisor of 31 and 51221?
1
Calculate the greatest common divisor of 495 and 3246705.
495
What is the highest common factor of 880 and 50270?
110
Calculate the greatest common factor of 267608 and 33.
11
Calculate the highest common divisor of 93766 and 9342.
346
What is the highest common factor of 72 and 31728?
24
Calculate the greatest common factor of 1900 and 1027425.
475
What is t